).
32
Let k(f) = -f**3 - 10*f**2 + 28*f + 44. Calculate k(-12).
-4
Let a(f) = -f**3 + 4*f**2 + 13*f - 2. Determine a(6).
4
Let k(a) = a**3 + 6*a**2 - 16*a - 3. Calculate k(-8).
-3
Let j(u) = u**2 - 4*u - 7. Give j(6).
5
Let b(x) = 28*x + 106. What is b(-4)?
-6
Let f(s) = 2*s**2 + 25*s - 6. Determine f(-13).
7
Let p(j) = 6*j - 4. Calculate p(4).
20
Let j(p) = p**2 - 11*p + 7. Calculate j(6).
-23
Let x(m) = -m**2 - 12*m - 37. Calculate x(-4).
-5
Let v(f) = -2*f - 9. Give v(11).
-31
Let u(v) = -4*v - 17. Determine u(-11).
27
Let f(l) = -4*l + 8. Determine f(6).
-16
Let g(v) = -v**2 - 12*v - 32. Give g(-5).
3
Let p(q) = 2*q**2 - 32*q - 15. What is p(16)?
-15
Let h(k) = k**3 - 6*k**2 + 14*k - 39. What is h(5)?
6
Let w(x) = 8*x + 2. Give w(-3).
-22
Let r(m) = -11*m - 8. Give r(2).
-30
Let w(o) = -171*o + 850. Determine w(5).
-5
Let d(a) = 2*a**2 - 2*a - 4. What is d(-3)?
20
Let q(b) = 2*b**2 + 4*b + 1. What is q(-5)?
31
Let r(v) = v**3 - 7*v**2 + v + 30. Calculate r(5).
-15
Let f(x) = -x**2 + 2*x + 11. Calculate f(0).
11
Let j(o) = -3*o**2 - 39*o - 78. Calculate j(-11).
-12
Let b(s) = 36*s**2 - 106*s - 2. Determine b(3).
4
Let j(z) = -z**3 + 2*z**2 + 12*z + 5. Calculate j(5).
-10
Let j(p) = 6*p + 44. What is j(-6)?
8
Let s(h) = 2*h**3 + 11*h**2 - 10*h - 2. Calculate s(-7).
-79
Let n(b) = b**3 + 9*b**2 + 2*b + 22. Calculate n(-9).
4
Let w(z) = -5*z**2 + 3*z + 1. Give w(-2).
-25
Let j(l) = -l**2 + 12. What is j(-5)?
-13
Let i(t) = t**2 - 8*t + 16. Determine i(10).
36
Let z(a) = a - 14. Determine z(15).
1
Let j(d) = 73*d - 459. What is j(6)?
-21
Let u(z) = z**2 + z - 12. Calculate u(4).
8
Let g(s) = -s**2 + 28*s - 28. Calculate g(27).
-1
Let r(y) = -y**2 - 2*y + 6. Give r(-3).
3
Let k(m) = 3*m + 30. Calculate k(-10).
0
Let v(r) = 3*r - 18. What is v(8)?
6
Let y(j) = -j**3 - 6*j**2 + 3*j + 7. Give y(-6).
-11
Let j(n) = -108*n + 5. Determine j(1).
-103
Let x(w) = w**3 - 2*w**2 - 1. What is x(3)?
8
Let t(v) = 3*v**3 + 5*v**2 - 3*v - 2. Give t(-1).
3
Let b(u) = -2*u**2 + 29*u - 22. Calculate b(14).
-8
Let j(m) = m**2 + 60*m + 171. Give j(-57).
0
Let n(h) = -2*h**3 - h**2 + 4*h + 4. Give n(-2).
8
Let o(l) = -l**3 + 38*l**2 - 68*l + 12. What is o(36)?
156
Let k(i) = -i**3 + 16*i**2 - 31*i + 37. What is k(14)?
-5
Let u(l) = 2*l**3 + 19*l**2 + 9*l - 2. Give u(-9).
-2
Let m(n) = -n**3 + 4*n**2 + 8*n - 6. Determine m(5).
9
Let p(x) = 4*x - 122. Calculate p(31).
2
Let j(k) = -k**2 - 15*k - 34. Determine j(-9).
20
Let b(h) = h**3 + 5*h**2 + 4*h + 3. Determine b(-3).
9
Let f(j) = -j**2 + 6*j + 11. Give f(5).
16
Let c(o) = -o**3 + 11*o**2 + 10*o + 17. What is c(12)?
-7
Let w(u) = -u**3 - 7*u**2 - u - 59. Calculate w(-8).
13
Let m(a) = -a**2 + 2*a - 5. Calculate m(10).
-85
Let u(y) = -y**3 - 15*y**2 + 100*y - 4. What is u(-20)?
-4
Let a(z) = 3*z + 13. Determine a(-5).
-2
Let n(m) = -m**3 - m**2 + 2*m - 13. Determine n(0).
-13
Let j(o) = 3*o - 13. Give j(-7).
-34
Let o(w) = 2*w + 2. Give o(-9).
-16
Let d(m) = -m**2 - 13*m + 35. Give d(-16).
-13
Let b(p) = -2*p - 2. Give b(3).
-8
Let y(w) = w**2 + 43*w - 666. What is y(-55)?
-6
Let f(p) = p + 2. Calculate f(0).
2
Let y(f) = f**2 + 10*f + 1. Calculate y(-9).
-8
Let t(v) = -5*v**2 - 2*v - 1. Determine t(-1).
-4
Let p(j) = -j**3 - 7*j**2 + 1. Calculate p(-6).
-35
Let b(i) = i**3 + 44*i**2 + 125*i + 82. Calculate b(-41).
0
Let b(a) = a**2 + 1. Calculate b(1).
2
Let a(o) = -o**3 - 5*o**2 + 18*o - 2. Calculate a(-8).
46
Let n(s) = -s**3 + 5*s**2 - 4*s - 6. What is n(3)?
0
Let k(l) = -2*l**2 - 4*l - 6. Give k(-4).
-22
Let a(d) = d**2 + 15*d + 10. What is a(-14)?
-4
Let b(i) = i**3 - 12*i**2 + 9*i + 23. Calculate b(11).
1
Let x(q) = -12*q + 231. Give x(20).
-9
Let s(u) = -3*u - 57. Calculate s(-20).
3
Let q(i) = -i**3 - 3*i**2 - 2*i - 2. What is q(-3)?
4
Let f(u) = -u**3 + 3*u**2 + 3*u + 9. Give f(4).
5
Let q(r) = -7*r - 148. Give q(-21).
-1
Let l(n) = n**2 - 18*n - 25. Give l(20).
15
Let t(i) = i - 28. What is t(7)?
-21
Let b(r) = 2*r**3 + 4*r**2 + 4*r + 1. Determine b(-2).
-7
Let t(a) = 3*a**2 - 23*a - 4. Give t(7).
-18
Let u(h) = h**2 + 13*h + 14. Give u(-10).
-16
Let t(g) = -21*g + 24. Calculate t(-6).
150
Let l(k) = 2*k - 44. Give l(13).
-18
Let x(d) = 2*d**3 + 3*d**2 + 6*d + 4. Give x(-4).
-100
Let s(r) = r**3 + 7*r**2 + r - 21. Calculate s(-6).
9
Let j(b) = -3*b**3 + b**2 + 5*b - 2. Give j(3).
-59
Let d(p) = -p - 49. What is d(0)?
-49
Let u(h) = 15*h**2 - 212*h + 44. Calculate u(14).
16
Let y(b) = -13*b + 53. Give y(7).
-38
Let b(c) = c**3 - 23*c**2 + 57*c + 61. Give b(20).
1
Let g(n) = 2*n**2 - 6. Determine g(-2).
2
Let w(p) = -6*p + 26. Determine w(4).
2
Let c(d) = -2*d**2 - 5*d + 6. What is c(-5)?
-19
Let t(z) = -z**2 + 9*z - 21. Give t(10).
-31
Let w(k) = 2*k**3 + 18*k**2 - 45*k - 7. Determine w(-11).
4
Let t(j) = 2*j**2 - 23*j - 6. What is t(11)?
-17
Let n(m) = 6*m**2 + 10*m + 1. What is n(-3)?
25
Let d(w) = w**3 + 14*w**2 + 13*w - 10. Give d(-13).
-10
Let f(j) = 9*j**2 - 38*j + 5. What is f(5)?
40
Let c(l) = -l**3 + 5*l**2 + 8*l + 2. Give c(6).
14
Let f(o) = o**3 + 41*o**2 - 90*o - 176. Determine f(-43).
-4
Let h(v) = -v**2 - 11*v - 2. What is h(-10)?
8
Let q(y) = y**3 + 21*y**2 - 24*y - 42. Give q(-22).
2
Let b(w) = 2*w**3 + 2*w. Calculate b(-2).
-20
Let a(r) = r - 18. Give a(8).
-10
Let o(w) = -6*w**3 - 5*w**2 - w - 3. What is o(-2)?
27
Let i(m) = 11*m**3 - 29*m**2 - 8*m - 7. Give i(3).
5
Let p(i) = i**3 - 23*i**2 + 31*i. Give p(22).
198
Let w(z) = -z - 10. Determine w(-8).
-2
Let c(w) = -18*w**3 - 2*w**2 + 2*w - 1. Determine c(1).
-19
Let n(g) = -g**3 - 4*g**2 + 5*g + 21. Determine n(-2).
3
Let k(f) = f**2 - f - 6. Calculate k(8).
50
Let l(d) = -91*d - 182. Calculate l(-2).
0
Let i(u) = 4*u - 4. Give i(-8).
-36
Let s(j) = -j**3 - 7*j**2 - 7*j + 7. Give s(-6).
13
Let p(z) = 3*z + 1. What is p(-5)?
-14
Let m(r) = 42*r + 55. Give m(-1).
13
Let u(s) = 4*s + 83. Determine u(-15).
23
Let y(i) = -i**2 - 5*i + 34. What is y(-12)?
-50
Let v(l) = 60*l. Give v(1).
60
Let t(b) = -39*b + 2. Give t(-1).
41
Let c(p) = 2*p**3 - 20*p**2 - 2*p - 1. Give c(10).
-21
Let k(b) = -7*b**2 - 17*b - 4. What is k(-4)?
-48
Let p(y) = y**2 - 14*y - 14. Give p(13).
-27
Let f(s) = -4*s**2 + 51*s + 19. Determine f(13).
6
Let h(w) = w**2 - 9*w - 2. Determine h(7).
-16
Let j(t) = t - 9. Calculate j(12).
3
Let w(j) = j**2 + 7*j - 22. Calculate w(-9).
-4
Let d(a) = a - 12. What is d(4)?
-8
Let u(d) = -d**3 - 4*d**2 - d - 5. Calculate u(-4).
-1
Let y(t) = -13*t + 83. Calculate y(6).
5
Let h(m) = -m**2 + 27*m + 29. Calculate h(28).
1
Let x(f) = f**2 - 3. Calculate x(0).
-3
Let k(t) = -38*t + 24. What is k(2)?
-52
Let h(p) = -2*p**3 - 27*p**2 + 19*p + 33. Determine h(-14).
-37
Let f(j) = j**2 - 6*j + 2. Calculate f(6).
2
Let b(p) = -4*p + 8. Give b(2).
0
Let q(b) = 4*b + 103. Calculate q(-27).
-5
Let c(k) = -k**2 - 4*k + 2. Determine c(-6).
-10
Let c(l) = l**3 + 8*l**2 - 28. What is c(-8)?
-28
Let h(i) = -i + 5. Determine h(0).
5
Let b(f) = 12*f - 73. Calculate b(6).
-1
Let z(c) = c**3 + 6*c**2 + c - 5. Give z(-6).
-11
Let f(j) = -j**3 + 30*j**2 - 56*j. Give f(28).
0
Let c(t) = -t - 34. Calculate c(-17).
-17
Let b(p) = -p**3 - 2*p**2 + 2*p. Determine b(-3).
3
Let j(v) = -9*v - 19. Determine j(-6).
35
Let q(z) = 3*z - 16. What is q(11)?
17
Let a(i) = -97*i**2 - 2. What is a(1)?
-99
Let a(i) = i**2 - 15*i + 49. Determine a(11).
5
Let f(h) = -10*h - 1. Determine f(-4).
39
Let v(u) = -u**3 - 7*u**2 + 21*u - 4. What is v(-9)?
-31
Let h(y) = -y**3 + y**2 + 20*y - 4. Calculate h(6).
-64
Let c(l) = 5*l**3 - 4*l**2 + 3*l - 2. Determine c(2).
28
Let k(c) = 3*c - 79. What is k(24)?
-7
Let u(b) = 21*b**2 + 6*b - 11. Calculate u(2).
85
Let b(d) = -d**3 + 8*d**2 - 6. Give b(7).
43
Let g(q) = -21*q**2 + q + 7. What is g(-2)?
-79
Let s(y) = 3*y**2 + 22*y - 12. Determine s(-8).
4
Let i(j) = -6*j + 13. Determine i(4).
-11
Let x(b) = -12*b - 2. Give x(-2).
22
Let m(c) = c**3 + 3*c**2 + 3*c + 3. Calculate m(3).
66
Let n(k) = -k**2 + 10*k - 4. Calculate n(16).
-100
Let z(c) = 2*c**2 + 95*c - 253. What is z(-50)?
-3
Let l(s) = -2*s**2 - 4*s + 126. What is l(-9)?
0
Let l(w) = w**3 + w**2 - 2*w - 7. Give l(0).
-7
Let l(d) = d**3 + 20*d**2 - 23*d - 43. Calculate l(-21).
-1
Let y(o) = -o**3 + 3*o**2 + 30*o - 29. What is y(7)?
-15
Let f(p) = -p**3 + 8*p**2 - 4*p + 2. Det